






{"id":4041,"date":"2022-06-01T13:49:33","date_gmt":"2022-06-01T12:49:33","guid":{"rendered":"https:\/\/massotnc.com\/?page_id=4041"},"modified":"2023-12-05T16:12:03","modified_gmt":"2023-12-05T15:12:03","slug":"soin-en-approche-somatique","status":"publish","type":"page","link":"https:\/\/massotnc.com\/en\/soin-en-approche-somatique\/","title":{"rendered":"Soin en approche somatique"},"content":{"rendered":"\n<h2 id=\"l-approche-somatique\">L\u2019approche somatique&nbsp;<\/h2>\n\n\n\n<p>Suite \u00e0 mes trente ans de pratique th\u00e9rapeutique manuelle en ost\u00e9opathie, en biokinergie, en MTC et autres techniques neurotissulaires, j\u2019offre aussi un volet psycho-corporel bas\u00e9 sur une approche somatique d\u00e9coulant de la th\u00e9orie polyvagale soit la \u2018Transforming Brain Experience\u2019 (T.E.B.) de Steve Terrell.&nbsp;<\/p>\n\n\n\n<p>L\u2019observation et le soutien du langage corporel non-verbal et des m\u00e9canismes vitaux corporels activent des appuis pour r\u00e9guler le syst\u00e8me nerveux.<\/p>\n\n\n\n<p>C\u2019est une approche neurobiologique et relationnelle qui s\u2019appuie sur le corps dans le but de r\u00e9guler les traumatismes et les troubles li\u00e9s au stress entra\u00eenant: fatigue, anxi\u00e9t\u00e9 ou phobie diverses, troubles du sommeil, trouble de l\u2019attention, \u00e9puisement du syst\u00e8me nerveux, d\u00e9pression ou encore des troubles chroniques digestifs et autres alt\u00e9ration des fonctions organiques\u2026<\/p>\n\n\n\n<p>L\u2019approche somatique contribue, en plus de d\u00e9tendre les tensions corporelles, \u00e0 r\u00e9guler le syst\u00e8me nerveux, \u00e9quilibrer l\u2019hom\u00e9ostasie de l\u2019ensemble des fonctions organiques, r\u00e9guler la respiration et la digestion, redonner de l\u2019\u00e9nergie, calmer l\u2019anxi\u00e9t\u00e9, relaxer, apaiser certains sympt\u00f4mes physiologiques et \u00e9motionnels cons\u00e9cutifs \u00e0 tes traumatismes ou \u00e0 des chocs.&nbsp;<\/p>\n\n\n\n<p>Les soins en approche somatique facilitent la conscience corporelle et la pr\u00e9sence \u00e0 soi. L\u2019\u00e9mergence de plus d\u2019\u00e9nergie, de vitalit\u00e9, d\u2019\u00e9lan cr\u00e9atif, de paix \u00e9motionnelle en sont souvent les cons\u00e9quences.<\/p>\n\n\n\n<h2 id=\"qu-est-ce-qu-un-traumatisme\">Qu\u2019est ce qu\u2019un traumatisme?<\/h2>\n\n\n\n<p>Un traumatisme est la cons\u00e9quence d\u2019un m\u00e9canisme r\u00e9flexe de survie qui fige dans le corps une charge \u00e9nerg\u00e9tique et un mouvement inachev\u00e9.<\/p>\n\n\n\n<p>\u00ab&nbsp;Les sympt\u00f4mes traumatiques ne sont pas caus\u00e9s par l\u2019\u00e9v\u00e8nement lui-m\u00eame. Ils surgissent quand l\u2019\u00e9nergie r\u00e9siduelle de l\u2019exp\u00e9rience n\u2019est pas d\u00e9charg\u00e9e du corps. M\u00eame l\u2019impact du transg\u00e9n\u00e9rationnel est pris en consid\u00e9ration dans le syst\u00e8me nerveux. Cette \u00e9nergie y demeure prise au pi\u00e8ge o\u00f9 elle peut faire des ravages dans nos corps et esprit.&nbsp;\u00bb Peter A Levine, fondateur de la Somatic Experiencing.<\/p>\n\n\n\n<p>\u00ab&nbsp;Le traumatisme est une r\u00e9alit\u00e9 de la vie. Il n\u2019est pas n\u00e9cessaire que ce soit une peine d\u2019emprisonnement \u00e0 perp\u00e9tuit\u00e9.&nbsp;\u00bb<\/p>\n\n\n\n<p>Peter A Levine, Ph.D.<\/p>\n\n\n\n<p>Concr\u00e8tement, voici les \u00e9tapes de la cr\u00e9ation d\u2019un traumatisme:<\/p>\n\n\n\n<p>1- Un \u00e9v\u00e9nement a eu lieu et un m\u00e9canisme de survie s\u2019est d\u00e9clench\u00e9.<\/p>\n\n\n\n<p>2- Ensuite, une \u00e9nergie\/charge a \u00e9t\u00e9 cr\u00e9\u00e9e dans notre syst\u00e8me nerveux dans le but de r\u00e9agir.<\/p>\n\n\n\n<p>3- \u00c9tant incapable de r\u00e9agir (fuir, se prot\u00e9ger, se d\u00e9fendre), l\u2019\u00e9nergie s\u2019est transform\u00e9e en charge, somatis\u00e9e dans les tissus corporels.<\/p>\n\n\n\n<p>4- Ce qui engendre et fixe des sympt\u00f4mes physiologiques, \u00e9motionnels et psychologiques.<\/p>\n\n\n\n<p>5- Le traumatisme est n\u00e9 et install\u00e9.<\/p>\n\n\n\n<h2 id=\"causes-d-un-traumatisme\">Causes d\u2019un traumatisme.<\/h2>\n\n\n\n<p>De multiples causes peuvent entra\u00eener un traumatisme et chacun y r\u00e9agit diff\u00e9remment.<\/p>\n\n\n\n<p>Ils peuvent \u00e9galement se transmettre d\u2019une g\u00e9n\u00e9ration \u00e0 l\u2019autre.<\/p>\n\n\n\n<p>Le syst\u00e8me nerveux des jeunes enfants est plus sujet au traumatisme parce qu\u2019il sont en phase de croissance.&nbsp;<\/p>\n\n\n\n<p>L\u2019information traumatisante peut alors se fixer plus facilement dans le corps et impacter le syst\u00e8me nerveux. Tant que sa charge n\u2019est pas \u00e9vacu\u00e9e du syst\u00e8me nerveux, le traumatisme cherchera toujours \u00e0 s\u2019exprimer avec son lot de troubles.<\/p>\n\n\n\n<p>Bien que nous ne soyons pas conscient la plupart du temps de la charge d\u2019un traumatisme, celui-ci impacte s\u00e9rieusement le syst\u00e8me nerveux et r\u00e9clame beaucoup d\u2019\u00e9nergie qui ne pourra pas \u00eatre disponible \u00e0 d\u2019autres fonctions.<\/p>\n\n\n\n<p>Ses manifestations peuvent s\u2019exprimer de plein de mani\u00e8res.<\/p>\n\n\n\n<p>&#8211; Faible vitalit\u00e9<\/p>\n\n\n\n<p>&#8211; Fatigue chronique<\/p>\n\n\n\n<p>&#8211; Troubles du sommeils, cauchemars\u2026<\/p>\n\n\n\n<p>&#8211; Troubles \u00e9motionnels; phobies, angoisses, irritabilit\u00e9, humeur instable, panique<\/p>\n\n\n\n<p>&#8211; D\u00e9pendances diverses&nbsp;<\/p>\n\n\n\n<p>&#8211; Troubles m\u00e9taboliques chroniques; syst\u00e8me digestif, cardio-pulmonaire \u2026<\/p>\n\n\n\n<p>&#8211; Difficult\u00e9s relationnelles; d\u00e9pendance affective, incapacit\u00e9 \u00e0 aimer \u2026<\/p>\n\n\n\n<p>&#8211; figements<\/p>\n\n\n\n<p>&#8211; D\u00e9ni<\/p>\n\n\n\n<p>&#8211; Perte de la m\u00e9moire, amn\u00e9sie<\/p>\n\n\n\n<p>&#8211; Maladies chroniques \u2026<\/p>\n\n\n\n<p>L\u2019approche somatique permet de d\u00e9figer et de d\u00e9charger le syst\u00e8me nerveux pour qu\u2019il compl\u00e8te les programmes de d\u00e9fense inachev\u00e9s, soit lib\u00e9rer les tensions install\u00e9es lors du traumatisme.<\/p>\n\n\n\n<p>Cela aura pour cons\u00e9quence de s\u2019all\u00e9ger ou de se lib\u00e9rer de sympt\u00f4mes comme ceux d\u00e9crits plus haut, de retrouver plus de calme, plus d\u2019\u00e9nergie et de pr\u00e9sence \u00e0 soi.<\/p>\n\n\n\n<h2 id=\"comment-ca-marche\">Comment \u00e7a marche?<\/h2>\n\n\n\n<p>Par des appuis corporels intentionnels, des actions pr\u00e9cises sur les trajets r\u00e9flexes affect\u00e9s par les traumatismes et la pr\u00e9sence consciente aux tissus corporels, le syst\u00e8me nerveux du corps pourra se d\u00e9charger de l\u2019empreinte traumatique entra\u00eenant le retour des capacit\u00e9s fonctionnelles organiques et psycho-\u00e9motionnelles.<\/p>\n\n\n\n<p>Les s\u00e9ances peuvent se d\u00e9rouler en personne ou en ligne. Le type de toucher, qu&#8217;il soit physique ou intentionnel, s\u2019ajuste en fonction de vos besoins et de votre contexte. Vous d\u00e9sirez savoir ce qui serait plus appropri\u00e9 pour vous, je prendrai le temps de r\u00e9pondre \u00e0 vos questions par t\u00e9l\u00e9phone.&nbsp;<\/p>\n\n\n\n<h2 id=\"appelez-moi\">Appelez-moi!&nbsp;<\/h2>\n\n\n<p class=\"gform_not_found\">Oops! We could not locate your form.<\/p>\n\n\n\n<p><\/p>\n\n\n\n<p>T\u00e9l\u00e9phone : 819 345-3899<br>Courriel : <a href=\"mailto:delalandestephane@gmail.com\">delalandestephane@gmail.com<\/a><\/p>\n","protected":false},"excerpt":{"rendered":"<p>L\u2019approche somatique&nbsp; <\/p>\n<p>Suite \u00e0 mes trente ans de pratique th\u00e9rapeutique manuelle en ost\u00e9opathie, en biokinergie, en MTC et autres techniques neurotissulaires, j\u2019offre aussi un volet&#8230;<\/p>\n","protected":false},"author":12,"featured_media":0,"parent":0,"menu_order":0,"comment_status":"closed","ping_status":"closed","template":"","meta":[],"_links":{"self":[{"href":"https:\/\/massotnc.com\/en\/wp-json\/wp\/v2\/pages\/4041"}],"collection":[{"href":"https:\/\/massotnc.com\/en\/wp-json\/wp\/v2\/pages"}],"about":[{"href":"https:\/\/massotnc.com\/en\/wp-json\/wp\/v2\/types\/page"}],"author":[{"embeddable":true,"href":"https:\/\/massotnc.com\/en\/wp-json\/wp\/v2\/users\/12"}],"replies":[{"embeddable":true,"href":"https:\/\/massotnc.com\/en\/wp-json\/wp\/v2\/comments?post=4041"}],"version-history":[{"count":3,"href":"https:\/\/massotnc.com\/en\/wp-json\/wp\/v2\/pages\/4041\/revisions"}],"predecessor-version":[{"id":4137,"href":"https:\/\/massotnc.com\/en\/wp-json\/wp\/v2\/pages\/4041\/revisions\/4137"}],"wp:attachment":[{"href":"https:\/\/massotnc.com\/en\/wp-json\/wp\/v2\/media?parent=4041"}],"curies":[{"name":"wp","href":"https:\/\/api.w.org\/{rel}","templated":true}]}}

<h2 id="l-approche-somatique">L’approche somatique&nbsp;</h2>



<p>Suite à mes trente ans de pratique thérapeutique manuelle en ostéopathie, en biokinergie, en MTC et autres techniques neurotissulaires, j’offre aussi un volet psycho-corporel basé sur une approche somatique découlant de la théorie polyvagale soit la ‘Transforming Brain Experience’ (T.E.B.) de Steve Terrell.&nbsp;</p>



<p>L’observation et le soutien du langage corporel non-verbal et des mécanismes vitaux corporels activent des appuis pour réguler le système nerveux.</p>



<p>C’est une approche neurobiologique et relationnelle qui s’appuie sur le corps dans le but de réguler les traumatismes et les troubles liés au stress entraînant: fatigue, anxiété ou phobie diverses, troubles du sommeil, trouble de l’attention, épuisement du système nerveux, dépression ou encore des troubles chroniques digestifs et autres altération des fonctions organiques…</p>



<p>L’approche somatique contribue, en plus de détendre les tensions corporelles, à réguler le système nerveux, équilibrer l’homéostasie de l’ensemble des fonctions organiques, réguler la respiration et la digestion, redonner de l’énergie, calmer l’anxiété, relaxer, apaiser certains symptômes physiologiques et émotionnels consécutifs à tes traumatismes ou à des chocs.&nbsp;</p>



<p>Les soins en approche somatique facilitent la conscience corporelle et la présence à soi. L’émergence de plus d’énergie, de vitalité, d’élan créatif, de paix émotionnelle en sont souvent les conséquences.</p>



<h2 id="qu-est-ce-qu-un-traumatisme">Qu’est ce qu’un traumatisme?</h2>



<p>Un traumatisme est la conséquence d’un mécanisme réflexe de survie qui fige dans le corps une charge énergétique et un mouvement inachevé.</p>



<p>«&nbsp;Les symptômes traumatiques ne sont pas causés par l’évènement lui-même. Ils surgissent quand l’énergie résiduelle de l’expérience n’est pas déchargée du corps. Même l’impact du transgénérationnel est pris en considération dans le système nerveux. Cette énergie y demeure prise au piège où elle peut faire des ravages dans nos corps et esprit.&nbsp;» Peter A Levine, fondateur de la Somatic Experiencing.</p>



<p>«&nbsp;Le traumatisme est une réalité de la vie. Il n’est pas nécessaire que ce soit une peine d’emprisonnement à perpétuité.&nbsp;»</p>



<p>Peter A Levine, Ph.D.</p>



<p>Concrètement, voici les étapes de la création d’un traumatisme:</p>



<p>1- Un événement a eu lieu et un mécanisme de survie s’est déclenché.</p>



<p>2- Ensuite, une énergie/charge a été créée dans notre système nerveux dans le but de réagir.</p>



<p>3- Étant incapable de réagir (fuir, se protéger, se défendre), l’énergie s’est transformée en charge, somatisée dans les tissus corporels.</p>



<p>4- Ce qui engendre et fixe des symptômes physiologiques, émotionnels et psychologiques.</p>



<p>5- Le traumatisme est né et installé.</p>



<h2 id="causes-d-un-traumatisme">Causes d’un traumatisme.</h2>



<p>De multiples causes peuvent entraîner un traumatisme et chacun y réagit différemment.</p>



<p>Ils peuvent également se transmettre d’une génération à l’autre.</p>



<p>Le système nerveux des jeunes enfants est plus sujet au traumatisme parce qu’il sont en phase de croissance.&nbsp;</p>



<p>L’information traumatisante peut alors se fixer plus facilement dans le corps et impacter le système nerveux. Tant que sa charge n’est pas évacuée du système nerveux, le traumatisme cherchera toujours à s’exprimer avec son lot de troubles.</p>



<p>Bien que nous ne soyons pas conscient la plupart du temps de la charge d’un traumatisme, celui-ci impacte sérieusement le système nerveux et réclame beaucoup d’énergie qui ne pourra pas être disponible à d’autres fonctions.</p>



<p>Ses manifestations peuvent s’exprimer de plein de manières.</p>



<p>&#8211; Faible vitalité</p>



<p>&#8211; Fatigue chronique</p>



<p>&#8211; Troubles du sommeils, cauchemars…</p>



<p>&#8211; Troubles émotionnels; phobies, angoisses, irritabilité, humeur instable, panique</p>



<p>&#8211; Dépendances diverses&nbsp;</p>



<p>&#8211; Troubles métaboliques chroniques; système digestif, cardio-pulmonaire …</p>



<p>&#8211; Difficultés relationnelles; dépendance affective, incapacité à aimer …</p>



<p>&#8211; figements</p>



<p>&#8211; Déni</p>



<p>&#8211; Perte de la mémoire, amnésie</p>



<p>&#8211; Maladies chroniques …</p>



<p>L’approche somatique permet de défiger et de décharger le système nerveux pour qu’il complète les programmes de défense inachevés, soit libérer les tensions installées lors du traumatisme.</p>



<p>Cela aura pour conséquence de s’alléger ou de se libérer de symptômes comme ceux décrits plus haut, de retrouver plus de calme, plus d’énergie et de présence à soi.</p>



<h2 id="comment-ca-marche">Comment ça marche?</h2>



<p>Par des appuis corporels intentionnels, des actions précises sur les trajets réflexes affectés par les traumatismes et la présence consciente aux tissus corporels, le système nerveux du corps pourra se décharger de l’empreinte traumatique entraînant le retour des capacités fonctionnelles organiques et psycho-émotionnelles.</p>



<p>Les séances peuvent se dérouler en personne ou en ligne. Le type de toucher, qu&#8217;il soit physique ou intentionnel, s’ajuste en fonction de vos besoins et de votre contexte. Vous désirez savoir ce qui serait plus approprié pour vous, je prendrai le temps de répondre à vos questions par téléphone.&nbsp;</p>



<h2 id="appelez-moi">Appelez-moi!&nbsp;</h2>


<p class="gform_not_found">Oops! We could not locate your form.</p>



<p></p>



<p>Téléphone : 819 345-3899<br>Courriel : <a href="mailto:delalandestephane@gmail.com">delalandestephane@gmail.com</a></p>

<p>L’approche somatique&nbsp; </p>
<p>Suite à mes trente ans de pratique thérapeutique manuelle en ostéopathie, en biokinergie, en MTC et autres techniques neurotissulaires, j’offre aussi un volet&#8230;</p>
